i = -326 - -633. Is i a prime number?
True
Let u(w) = -w**2 - 7*w + 8. Let g be u(-6). Suppose 2*l + g = 92. Is l a prime number?
False
Let y(q) = q - 1. Let b be y(-5). Let f = -57 + 0. Is (f/b)/(2/4) a prime number?
True
Is 34/187 - (-43182)/22 a composite number?
True
Let l(k) = -3*k**3 - 6*k**2 + 7*k + 3. Let y(u) = -7*u**3 - 12*u**2 + 15*u + 7. Let c = -1 - 4. Let d(s) = c*l(s) + 2*y(s). Is d(-5) a prime number?
False
Let x(l) = 3*l - 9. Let g be x(7). Suppose -4*t + 5*t = 3*d + g, -2*d - 8 = -2*t. Suppose t*z + 39 = z. Is z prime?
False
Let j(n) = 6*n**2 - n + 4*n + 3*n**2 - 2*n. Is j(-2) composite?
True
Let x(z) = 21*z - 10. Let n = 17 - 6. Is x(n) a composite number?
True
Let q = 8 - 6. Suppose 0 = -q*u - 0*u + 4. Is u/(-2*1/(-62)) prime?
False
Suppose 0*z + 18 = 3*z. Suppose 0*i = -z*i + 318. Is i a prime number?
True
Let x = -1 - -6. Suppose 0*g + b = x*g - 482, b - 197 = -2*g. Is g composite?
False
Suppose 3*j + 20 = 7*j, -4*i = -3*j - 3397. Is i prime?
True
Let p(g) = -9*g**2 + 0*g - 7*g + 0*g - 5 + g**3. Is p(10) a prime number?
False
Is 5/(3 + 2)*309 a prime number?
False
Let b(j) = -2*j**2 + 6*j. Let m be b(4). Let x = m - -22. Is x composite?
True
Let n = -152 - -519. Is n composite?
False
Let u(t) = -t**3 - 6*t**2 - 4*t - 1. Let r be u(-5). Let f(h) be the first derivative of 2*h**3/3 - 4*h**2 - 5*h + 1. Is f(r) a composite number?
True
Suppose 295 = -5*r + 2*d, -r + d + 0 - 59 = 0. Let q(g) = -13*g - 4. Let t be q(6). Let y = r - t. Is y a prime number?
True
Let g(q) = q**3 + 5*q**2 - q - 2. Suppose 0 = -4*y - 4*i - 56, -6*y + 2*y = 2*i + 46. Let a = y + 4. Is g(a) a composite number?
False
Suppose 0 = 3*s - 12 + 36. Is (-5876)/(-16) + 2/s a prime number?
True
Suppose p = -4*m + 125, m - 4*p = -2*m + 89. Is m a prime number?
True
Let o = -1579 - -3732. Is o a prime number?
True
Suppose 5*n - y = 152, -n + 5*y + 140 = 4*n. Is n prime?
True
Suppose 311 = -12*o + 33203. Is o prime?
True
Is (-10)/(-5) - (0 - 113) prime?
False
Let c = 9 - 17. Let k = -5 - c. Suppose 0 = -k*b + 10 + 35. Is b a prime number?
False
Let o(p) = -40*p + 14. Is o(-6) a composite number?
True
Suppose 3*f - 5*a + 17 - 4 = 0, 5*a - 21 = f. Suppose -3*o = -3*q - 1 + 13, -3*q + f*o + 17 = 0. Is (0 - q) + 37 + -1 a prime number?
True
Let g(n) be the third derivative of n**9/60480 - n**8/5040 + n**7/2520 - n**6/720 - n**5/30 + 2*n**2. Let h(x) be the third derivative of g(x). Is h(4) prime?
True
Is ((-2 - -4) + 0)*(327 + 4) composite?
True
Suppose -u - 2*u = -2*s - 520, -2*u + 3*s + 345 = 0. Suppose -213 = -3*k + u. Is k a prime number?
False
Suppose 4*q + 4*u - 520 = 0, 2*u - 4*u = -6. Is q prime?
True
Suppose -j - 4*j = 0. Suppose j = -z + 3*i + 193, -z + 198 = 7*i - 5*i. Suppose -4*v - 4*x + z = -5*x, 0 = v - 5*x - 49. Is v a composite number?
True
Let q = -150 + 441. Is q composite?
True
Let x = -19 - -1060. Is x a composite number?
True
Let j = 19 + -46. Let k(s) = -9*s**3 + 2*s**2 + s - 2. Let d be k(2). Let u = j - d. Is u prime?
True
Let r = -527 + 1160. Is r composite?
True
Let n(f) = 66*f**2 + 10*f - 7. Is n(5) a prime number?
True
Let f(u) = -u + 50. Let j be f(0). Suppose 0*z - j = -2*z. Is z a composite number?
True
Let q = 18190 - 5895. Is q a prime number?
False
Let d be (-3 - -11) + (0 - 0). Let z be (-2)/(-6)*(-2 + d). Suppose -84 = -z*q - 2*p, 2*p - 20 = -2*p. Is q a composite number?
False
Let t be (-3)/6*2*-2. Suppose t*y + 0 - 6 = 0. Is y/((-9)/(-6)) - -13 a prime number?
False
Let c(p) = 25*p**2 - 4*p - 49. Is c(-24) a prime number?
True
Let c be (7/2)/((-2)/(-4)). Suppose -5*m = -5*o - 6 - 14, 4*m - c = -5*o. Is m*19*(-2)/(-6) a prime number?
True
Let o(v) = -v**3 + 5*v**2 - v - 5. Let c be o(4). Let a(k) = 4*k + 9. Is a(c) prime?
True
Let k = -3 + 13. Is 6/10 - (-184)/k a prime number?
True
Let g = 197 - 70. Is g prime?
True
Let u(j) = 7 + 3*j**2 + 2*j**3 - 7*j - 3*j**3 + 5*j**2. Is u(6) a prime number?
True
Let t(l) = 6*l**3 - 12*l**2 + 4*l - 3. Is t(5) a prime number?
True
Let j = -1390 - -2187. Is j a composite number?
False
Let a = 0 + -1. Is (23/(-2))/(a/2) a prime number?
True
Let b(k) = 266*k**3 + 2*k**2 - 3*k + 2. Is b(1) a prime number?
False
Let j = 9 + -5. Let v be j/10 - (-476)/35. Is 4/v + (-2886)/(-42) composite?
True
Let v(l) = -l**3 + 2*l. Let d be v(2). Is (3/(-4))/(d/16) a composite number?
False
Is 38 - (-3)/(9/3) a composite number?
True
Suppose t + t - 2*c - 2504 = 0, 0 = 3*t - c - 3758. Is t prime?
False
Let g = -8 - -157. Is g a composite number?
False
Suppose -4*q - 18 = -78. Suppose 0 = 2*k + 3*k - q. Is k a composite number?
False
Is 4*(-1 - 645/(-12)) a prime number?
True
Is -3 + 18/8 + 2599/4 composite?
True
Suppose -f - 2*x = -2*f + 9, 0 = 2*f + 2*x - 24. Is f a composite number?
False
Let z be (1/(-1))/((-5)/4525). Let j = z + -348. Is j a prime number?
True
Suppose 5*o - 39310 = -8325. Is o a composite number?
False
Let m(a) = a**3 + 9*a**2 + 5. Let x be m(-9). Suppose 1166 = x*v + 101. Is v composite?
True
Let y = -2 + 9. Suppose 5*v + 20 = 0, -3*f - y = v - 6*v. Let r = f + 28. Is r prime?
True
Let p(v) = -3*v + 34. Is p(-17) a prime number?
False
Suppose -2*v + 0 = -2. Let m = v - -3. Suppose 4*s - 485 = -0*s - n, m*s - 480 = 4*n. Is s composite?
True
Let t(a) = 11*a**2 + 5*a - 2. Let j = -10 - -15. Let p be t(j). Suppose -p - 311 = -3*f. Is f prime?
False
Is (-7407)/(-5) + (-4)/10 a composite number?
False
Let x = -72 - 37. Suppose -w + 288 - 52 = 0. Let b = w + x. Is b prime?
True
Let p(j) = -j. Let r be p(-5). Suppose -308 = q - r*q. Is q a prime number?
False
Let z = -18975 + 28268. Is z composite?
False
Let m(n) = -2*n**3 - 12*n**2 + 17*n - 14. Is m(-11) composite?
False
Suppose 6*z - 268 = 2*z. Is z a prime number?
True
Let m = 874 + -543. Is m a composite number?
False
Let t(a) = -4*a**2 - 4*a - 5. Let z be t(-6). Let m be (-249)/15 - 6/(-10). Let b = m - z. Is b a prime number?
True
Suppose 27 + 8 = 5*j. Let d(l) = -l**3 + 3*l**2 + 3*l + 5. Let k be d(4). Is ((-5)/k)/((-1)/j) a composite number?
True
Suppose -658 = 4*y - 4070. Is y a composite number?
False
Let f = 122 + -84. Is f composite?
True
Suppose -4*l + 0*l + 3636 = 2*m, -9046 = -5*m + l. Suppose -s - 4*s = -3*w + 1070, -5*w + 3*s + m = 0. Is w prime?
False
Let f = 1440 - -151. Is f composite?
True
Let j(s) = -1 - 4 + 4*s + s - 4*s. Let m be j(7). Is m + 9 + -2 + 2 prime?
True
Let t be (-2)/((-1284)/(-639) + -2). Let s = t - -358. Is s prime?
False
Let y = -7 - -10. Suppose -5*k + 1005 = -5*w, -w = -5*k + y*w + 1003. Is k prime?
True
Suppose -k - 2*g = 3*g - 69, 207 = 3*k - g. Let h be k/(-6)*(1 - -1). Let y = 44 + h. Is y prime?
False
Let v = 12 + -13. Is (v/1)/((-16)/2384) a composite number?
False
Suppose -1725 = 2*o - 4403. Is o a prime number?
False
Let c(y) = 2*y**3 - y - 3*y**3 - 2*y + 0*y**3 + 4 + 6*y**2. Is c(3) a composite number?
True
Let l be (-1 + 2)*148/4. Let n = 92 - l. Is n a prime number?
False
Let n be (0*3/9)/2. Let h be (-3)/(-1) + n + 4. Suppose -h = o - 33. Is o a prime number?
False
Suppose 2*i - 4*i = -3070. Is i a prime number?
False
Suppose h = 2*h + 57. Suppose 4 + 84 = l. Let v = l + h. Is v prime?
True
Let g(r) be the first derivative of -r**4/4 + 5*r**3/3 + 5*r**2/2 - 2*r - 9. Let z(s) = -s**2 + 4*s + 5. Let o be z(4). Is g(o) prime?
True
Let v be (-128)/6 + 4/(-6). Is (v/6)/((-3)/27) prime?
False
Is (-1 + 4 - (5 - 1))*-479 composite?
False
Let s be -4 + 3 + 6/1. Suppose -3*b = s*c + 22, 6*b - 3*c + 2 = 4*b. Is ((-2)/b)/(2/1172) composite?
False
Let i be ((-2)/(-5))/(2/10). Suppose -1172 = -35*r + 31*r. Suppose -4*c + 0*o = -2*o - 386, 3*c - r = -i*o. Is c prime?
True
Suppose 10513 = 13*w + 1491. Is w a composite number?
True
Is (-58)/(-87)*9222/4 composite?
True
Let m(x) = x**3 - 10*x**2 - 4*x - 5. Is m(12) a composite number?
True
Let y(c) = c**3 - 3*c**2 + 2*c + 1. Let q be y(5). Suppose -q = -j + 50. Is j a prime number?
False
Let d = -55 - -127. Let y = d - 33. Is y a prime number?
False
Suppose 0 = 3*o + t - 7315, -3*t + 2463 + 9734 = 5*o. Is o prime?
True
Let z be (4 - -1)*(-292)/(-10). Let s = z - 35. Is s a prime number?
False
Let o(w) = 280*w - 1. Is o(7) a composite number?
True
Let d be 2/11 + (-40)/(-22). Suppose h - 4*v = 4 + 71, -d*v + 295 = 3*h. Suppose -4 = g, -3*f - 3*g + h = g. Is f p